{"id":675,"date":"2025-11-21T14:04:16","date_gmt":"2025-11-21T13:04:16","guid":{"rendered":"https:\/\/waldorfkita.de\/kinderhaus\/?page_id=675"},"modified":"2025-11-21T14:04:16","modified_gmt":"2025-11-21T13:04:16","slug":"eltern-kind-gruppe","status":"publish","type":"page","link":"https:\/\/waldorfkita.de\/kinderhaus\/eltern-kind-gruppe\/","title":{"rendered":"Eltern-Kind-Gruppe"},"content":{"rendered":"<div class=\"wpb-content-wrapper\"><p>[vc_row gap=&#8220;35&#8243; disable_element=&#8220;yes&#8220;][vc_column width=&#8220;1\/2&#8243;][vc_column_text css=&#8220;&#8220;]<\/p>\n<h2>\ud83c\udf3c Unsere Eltern-Kind-Gruppe \u2013 Gemeinsam wachsen<\/h2>\n<p>Jeden Mittwoch von 9:30 bis 11:00 Uhr laden wir Eltern mit Kindern im Alter von 8 Monaten bis zum Kindergarteneintritt herzlich in unsere liebevoll gestaltete Eltern-Kind-Gruppe ein.<\/p>\n<p>In einer warmen, geborgenen Atmosph\u00e4re erleben Kinder gemeinsam mit einer vertrauten Begleitperson erste soziale Kontakte, freies Spiel, gemeinsames Singen und ein gem\u00fctliches Fr\u00fchst\u00fcck, das im monatlichen Beitrag von 40 \u20ac bereits enthalten ist.[\/vc_column_text][\/vc_column][vc_column width=&#8220;1\/2&#8243;][vc_column_text css=&#8220;&#8220;]Ein behutsamer Einstieg in die Welt der Gemeinschaft \u2013 im Waldorfkinderhaus Paffrather Stra\u00dfe 38, Bergisch Gladbach. Dabei erhalten Eltern und Kinder einen ersten Einblick in die Waldorfp\u00e4dagogik und k\u00f6nnen erste Ber\u00fchrungspunkte mit dem Alltag und den R\u00e4umen unseres Waldorfkinderhauses erleben.<\/p>\n<p>Bei Interesse sprechen Sie uns gerne direkt im Kinderhaus an oder schreiben Sie an:<\/p>\n<p>\ud83d\udce7 <a href=\"mailto:beeckmo@outlook.com\" target=\"_blank\" rel=\"noopener\">beeckmo@outlook.com<\/a><br \/>\n\ud83d\udce7 <a href=\"mailto:info@waldorf-kinderhaus.de\" target=\"_blank\" rel=\"noopener\">info@waldorf-kinderhaus.de<\/a>[\/vc_column_text][\/vc_column][\/vc_row][vc_row gap=&#8220;35&#8243;][vc_column][vc_column_text css=&#8220;&#8220;]<\/p>\n<h2>\ud83c\udf3c Unsere Eltern-Kind-Gruppe \u2013 Gemeinsam wachsen<\/h2>\n<p>Jeden Mittwoch von 9:30 bis 11:00 Uhr laden wir Eltern mit Kindern im Alter von 8 Monaten bis zum Kindergarteneintritt herzlich in unsere liebevoll gestaltete Eltern-Kind-Gruppe ein.<\/p>\n<p>In einer warmen, geborgenen Atmosph\u00e4re erleben Kinder gemeinsam mit einer vertrauten Begleitperson erste soziale Kontakte, freies Spiel, gemeinsames Singen und ein gem\u00fctliches Fr\u00fchst\u00fcck, das im monatlichen Beitrag von 40 \u20ac bereits enthalten ist.<\/p>\n<p>Ein behutsamer Einstieg in die Welt der Gemeinschaft \u2013 im Waldorfkinderhaus Paffrather Stra\u00dfe 38, Bergisch Gladbach. Dabei erhalten Eltern und Kinder einen ersten Einblick in die Waldorfp\u00e4dagogik und k\u00f6nnen erste Ber\u00fchrungspunkte mit dem Alltag und den R\u00e4umen unseres Waldorfkinderhauses erleben.<\/p>\n<p>Bei Interesse sprechen Sie uns gerne direkt im Kinderhaus an oder schreiben Sie an:<\/p>\n<p>\ud83d\udce7 <a href=\"mailto:beeckmo@outlook.com\" target=\"_blank\" rel=\"noopener\">beeckmo@outlook.com<\/a><br \/>\n\ud83d\udce7 <a href=\"mailto:info@waldorf-kinderhaus.de\" target=\"_blank\" rel=\"noopener\">info@waldorf-kinderhaus.de<\/a>[\/vc_column_text][\/vc_column][\/vc_row]<\/p>\n<\/div>","protected":false},"excerpt":{"rendered":"<p>[vc_row gap=&#8220;35&#8243; disable_element=&#8220;yes&#8220;][vc_column width=&#8220;1\/2&#8243;][vc_column_text css=&#8220;&#8220;] \ud83c\udf3c Unsere Eltern-Kind-Gruppe \u2013 Gemeinsam wachsen Jeden Mittwoch von 9:30 bis 11:00 Uhr laden wir Eltern mit Kindern im Alter von<span class=\"excerpt-hellip\"> [\u2026]<\/span><\/p>\n","protected":false},"author":2,"featured_media":-1,"parent":0,"menu_order":0,"comment_status":"closed","ping_status":"closed","template":"","meta":{"footnotes":""},"class_list":["post-675","page","type-page","status-publish","has-post-thumbnail","hentry"],"yoast_head":"<!-- This site is optimized with the Yoast SEO plugin v24.7 - https:\/\/yoast.com\/wordpress\/plugins\/seo\/ -->\n<title>Eltern-Kind-Gruppe | Waldorf-Kinderhaus Bergisch Gladbach<\/title>\n<meta name=\"robots\" content=\"index, follow, max-snippet:-1, max-image-preview:large, max-video-preview:-1\" \/>\n<link rel=\"canonical\" href=\"https:\/\/waldorfkita.de\/kinderhaus\/eltern-kind-gruppe\/\" \/>\n<meta property=\"og:locale\" content=\"de_DE\" \/>\n<meta property=\"og:type\" content=\"article\" \/>\n<meta property=\"og:title\" content=\"Eltern-Kind-Gruppe | Waldorf-Kinderhaus Bergisch Gladbach\" \/>\n<meta property=\"og:description\" content=\"[vc_row gap=&#8220;35&#8243; disable_element=&#8220;yes&#8220;][vc_column width=&#8220;1\/2&#8243;][vc_column_text css=&#8220;&#8220;] \ud83c\udf3c Unsere Eltern-Kind-Gruppe \u2013 Gemeinsam wachsen Jeden Mittwoch von 9:30 bis 11:00 Uhr laden wir Eltern mit Kindern im Alter von [\u2026]\" \/>\n<meta property=\"og:url\" content=\"https:\/\/waldorfkita.de\/kinderhaus\/eltern-kind-gruppe\/\" \/>\n<meta property=\"og:site_name\" content=\"Waldorf-Kinderhaus Bergisch Gladbach\" \/>\n<meta name=\"twitter:card\" content=\"summary_large_image\" \/>\n<meta name=\"twitter:label1\" content=\"Gesch\u00e4tzte Lesezeit\" \/>\n\t<meta name=\"twitter:data1\" content=\"2\u00a0Minuten\" \/>\n<script type=\"application\/ld+json\" class=\"yoast-schema-graph\">{\"@context\":\"https:\/\/schema.org\",\"@graph\":[{\"@type\":\"WebPage\",\"@id\":\"https:\/\/waldorfkita.de\/kinderhaus\/eltern-kind-gruppe\/\",\"url\":\"https:\/\/waldorfkita.de\/kinderhaus\/eltern-kind-gruppe\/\",\"name\":\"Eltern-Kind-Gruppe | Waldorf-Kinderhaus Bergisch Gladbach\",\"isPartOf\":{\"@id\":\"https:\/\/waldorfkita.de\/kinderhaus\/#website\"},\"datePublished\":\"2025-11-21T13:04:16+00:00\",\"breadcrumb\":{\"@id\":\"https:\/\/waldorfkita.de\/kinderhaus\/eltern-kind-gruppe\/#breadcrumb\"},\"inLanguage\":\"de\",\"potentialAction\":[{\"@type\":\"ReadAction\",\"target\":[\"https:\/\/waldorfkita.de\/kinderhaus\/eltern-kind-gruppe\/\"]}]},{\"@type\":\"BreadcrumbList\",\"@id\":\"https:\/\/waldorfkita.de\/kinderhaus\/eltern-kind-gruppe\/#breadcrumb\",\"itemListElement\":[{\"@type\":\"ListItem\",\"position\":1,\"name\":\"Startseite\",\"item\":\"https:\/\/waldorfkita.de\/kinderhaus\/\"},{\"@type\":\"ListItem\",\"position\":2,\"name\":\"Eltern-Kind-Gruppe\"}]},{\"@type\":\"WebSite\",\"@id\":\"https:\/\/waldorfkita.de\/kinderhaus\/#website\",\"url\":\"https:\/\/waldorfkita.de\/kinderhaus\/\",\"name\":\"Waldorf-Kinderhaus Bergisch Gladbach\",\"description\":\"Waldorf-Kindergarten Bergisch Gladbach\",\"potentialAction\":[{\"@type\":\"SearchAction\",\"target\":{\"@type\":\"EntryPoint\",\"urlTemplate\":\"https:\/\/waldorfkita.de\/kinderhaus\/?s={search_term_string}\"},\"query-input\":{\"@type\":\"PropertyValueSpecification\",\"valueRequired\":true,\"valueName\":\"search_term_string\"}}],\"inLanguage\":\"de\"}]}<\/script>\n<!-- \/ Yoast SEO plugin. -->","yoast_head_json":{"title":"Eltern-Kind-Gruppe | Waldorf-Kinderhaus Bergisch Gladbach","robots":{"index":"index","follow":"follow","max-snippet":"max-snippet:-1","max-image-preview":"max-image-preview:large","max-video-preview":"max-video-preview:-1"},"canonical":"https:\/\/waldorfkita.de\/kinderhaus\/eltern-kind-gruppe\/","og_locale":"de_DE","og_type":"article","og_title":"Eltern-Kind-Gruppe | Waldorf-Kinderhaus Bergisch Gladbach","og_description":"[vc_row gap=&#8220;35&#8243; disable_element=&#8220;yes&#8220;][vc_column width=&#8220;1\/2&#8243;][vc_column_text css=&#8220;&#8220;] \ud83c\udf3c Unsere Eltern-Kind-Gruppe \u2013 Gemeinsam wachsen Jeden Mittwoch von 9:30 bis 11:00 Uhr laden wir Eltern mit Kindern im Alter von [\u2026]","og_url":"https:\/\/waldorfkita.de\/kinderhaus\/eltern-kind-gruppe\/","og_site_name":"Waldorf-Kinderhaus Bergisch Gladbach","twitter_card":"summary_large_image","twitter_misc":{"Gesch\u00e4tzte Lesezeit":"2\u00a0Minuten"},"schema":{"@context":"https:\/\/schema.org","@graph":[{"@type":"WebPage","@id":"https:\/\/waldorfkita.de\/kinderhaus\/eltern-kind-gruppe\/","url":"https:\/\/waldorfkita.de\/kinderhaus\/eltern-kind-gruppe\/","name":"Eltern-Kind-Gruppe | Waldorf-Kinderhaus Bergisch Gladbach","isPartOf":{"@id":"https:\/\/waldorfkita.de\/kinderhaus\/#website"},"datePublished":"2025-11-21T13:04:16+00:00","breadcrumb":{"@id":"https:\/\/waldorfkita.de\/kinderhaus\/eltern-kind-gruppe\/#breadcrumb"},"inLanguage":"de","potentialAction":[{"@type":"ReadAction","target":["https:\/\/waldorfkita.de\/kinderhaus\/eltern-kind-gruppe\/"]}]},{"@type":"BreadcrumbList","@id":"https:\/\/waldorfkita.de\/kinderhaus\/eltern-kind-gruppe\/#breadcrumb","itemListElement":[{"@type":"ListItem","position":1,"name":"Startseite","item":"https:\/\/waldorfkita.de\/kinderhaus\/"},{"@type":"ListItem","position":2,"name":"Eltern-Kind-Gruppe"}]},{"@type":"WebSite","@id":"https:\/\/waldorfkita.de\/kinderhaus\/#website","url":"https:\/\/waldorfkita.de\/kinderhaus\/","name":"Waldorf-Kinderhaus Bergisch Gladbach","description":"Waldorf-Kindergarten Bergisch Gladbach","potentialAction":[{"@type":"SearchAction","target":{"@type":"EntryPoint","urlTemplate":"https:\/\/waldorfkita.de\/kinderhaus\/?s={search_term_string}"},"query-input":{"@type":"PropertyValueSpecification","valueRequired":true,"valueName":"search_term_string"}}],"inLanguage":"de"}]}},"_links":{"self":[{"href":"https:\/\/waldorfkita.de\/kinderhaus\/wp-json\/wp\/v2\/pages\/675","targetHints":{"allow":["GET"]}}],"collection":[{"href":"https:\/\/waldorfkita.de\/kinderhaus\/wp-json\/wp\/v2\/pages"}],"about":[{"href":"https:\/\/waldorfkita.de\/kinderhaus\/wp-json\/wp\/v2\/types\/page"}],"author":[{"embeddable":true,"href":"https:\/\/waldorfkita.de\/kinderhaus\/wp-json\/wp\/v2\/users\/2"}],"replies":[{"embeddable":true,"href":"https:\/\/waldorfkita.de\/kinderhaus\/wp-json\/wp\/v2\/comments?post=675"}],"version-history":[{"count":4,"href":"https:\/\/waldorfkita.de\/kinderhaus\/wp-json\/wp\/v2\/pages\/675\/revisions"}],"predecessor-version":[{"id":679,"href":"https:\/\/waldorfkita.de\/kinderhaus\/wp-json\/wp\/v2\/pages\/675\/revisions\/679"}],"wp:featuredmedia":[{"embeddable":true,"href":"https:\/\/waldorfkita.de\/kinderhaus\/wp-json\/"}],"wp:attachment":[{"href":"https:\/\/waldorfkita.de\/kinderhaus\/wp-json\/wp\/v2\/media?parent=675"}],"curies":[{"name":"wp","href":"https:\/\/api.w.org\/{rel}","templated":true}]}}

<div class="wpb-content-wrapper"><p>[vc_row gap=&#8220;35&#8243; disable_element=&#8220;yes&#8220;][vc_column width=&#8220;1/2&#8243;][vc_column_text css=&#8220;&#8220;]</p>
<h2>🌼 Unsere Eltern-Kind-Gruppe – Gemeinsam wachsen</h2>
<p>Jeden Mittwoch von 9:30 bis 11:00 Uhr laden wir Eltern mit Kindern im Alter von 8 Monaten bis zum Kindergarteneintritt herzlich in unsere liebevoll gestaltete Eltern-Kind-Gruppe ein.</p>
<p>In einer warmen, geborgenen Atmosphäre erleben Kinder gemeinsam mit einer vertrauten Begleitperson erste soziale Kontakte, freies Spiel, gemeinsames Singen und ein gemütliches Frühstück, das im monatlichen Beitrag von 40 € bereits enthalten ist.[/vc_column_text][/vc_column][vc_column width=&#8220;1/2&#8243;][vc_column_text css=&#8220;&#8220;]Ein behutsamer Einstieg in die Welt der Gemeinschaft – im Waldorfkinderhaus Paffrather Straße 38, Bergisch Gladbach. Dabei erhalten Eltern und Kinder einen ersten Einblick in die Waldorfpädagogik und können erste Berührungspunkte mit dem Alltag und den Räumen unseres Waldorfkinderhauses erleben.</p>
<p>Bei Interesse sprechen Sie uns gerne direkt im Kinderhaus an oder schreiben Sie an:</p>
<p>📧 <a href="mailto:beeckmo@outlook.com" target="_blank" rel="noopener">beeckmo@outlook.com</a><br />
📧 <a href="mailto:info@waldorf-kinderhaus.de" target="_blank" rel="noopener">info@waldorf-kinderhaus.de</a>[/vc_column_text][/vc_column][/vc_row][vc_row gap=&#8220;35&#8243;][vc_column][vc_column_text css=&#8220;&#8220;]</p>
<h2>🌼 Unsere Eltern-Kind-Gruppe – Gemeinsam wachsen</h2>
<p>Jeden Mittwoch von 9:30 bis 11:00 Uhr laden wir Eltern mit Kindern im Alter von 8 Monaten bis zum Kindergarteneintritt herzlich in unsere liebevoll gestaltete Eltern-Kind-Gruppe ein.</p>
<p>In einer warmen, geborgenen Atmosphäre erleben Kinder gemeinsam mit einer vertrauten Begleitperson erste soziale Kontakte, freies Spiel, gemeinsames Singen und ein gemütliches Frühstück, das im monatlichen Beitrag von 40 € bereits enthalten ist.</p>
<p>Ein behutsamer Einstieg in die Welt der Gemeinschaft – im Waldorfkinderhaus Paffrather Straße 38, Bergisch Gladbach. Dabei erhalten Eltern und Kinder einen ersten Einblick in die Waldorfpädagogik und können erste Berührungspunkte mit dem Alltag und den Räumen unseres Waldorfkinderhauses erleben.</p>
<p>Bei Interesse sprechen Sie uns gerne direkt im Kinderhaus an oder schreiben Sie an:</p>
<p>📧 <a href="mailto:beeckmo@outlook.com" target="_blank" rel="noopener">beeckmo@outlook.com</a><br />
📧 <a href="mailto:info@waldorf-kinderhaus.de" target="_blank" rel="noopener">info@waldorf-kinderhaus.de</a>[/vc_column_text][/vc_column][/vc_row]</p>
</div>

<!-- This site is optimized with the Yoast SEO plugin v24.7 - https://yoast.com/wordpress/plugins/seo/ -->
<title>Eltern-Kind-Gruppe | Waldorf-Kinderhaus Bergisch Gladbach</title>
<meta name="robots" content="index, follow, max-snippet:-1, max-image-preview:large, max-video-preview:-1" />
<link rel="canonical" href="https://waldorfkita.de/kinderhaus/eltern-kind-gruppe/" />
<meta property="og:locale" content="de_DE" />
<meta property="og:type" content="article" />
<meta property="og:title" content="Eltern-Kind-Gruppe | Waldorf-Kinderhaus Bergisch Gladbach" />
<meta property="og:description" content="[vc_row gap=&#8220;35&#8243; disable_element=&#8220;yes&#8220;][vc_column width=&#8220;1/2&#8243;][vc_column_text css=&#8220;&#8220;] 🌼 Unsere Eltern-Kind-Gruppe – Gemeinsam wachsen Jeden Mittwoch von 9:30 bis 11:00 Uhr laden wir Eltern mit Kindern im Alter von […]" />
<meta property="og:url" content="https://waldorfkita.de/kinderhaus/eltern-kind-gruppe/" />
<meta property="og:site_name" content="Waldorf-Kinderhaus Bergisch Gladbach" />
<meta name="twitter:card" content="summary_large_image" />
<meta name="twitter:label1" content="Geschätzte Lesezeit" />
	<meta name="twitter:data1" content="2 Minuten" />
<script type="application/ld+json" class="yoast-schema-graph">{"@context":"https://schema.org","@graph":[{"@type":"WebPage","@id":"https://waldorfkita.de/kinderhaus/eltern-kind-gruppe/","url":"https://waldorfkita.de/kinderhaus/eltern-kind-gruppe/","name":"Eltern-Kind-Gruppe | Waldorf-Kinderhaus Bergisch Gladbach","isPartOf":{"@id":"https://waldorfkita.de/kinderhaus/#website"},"datePublished":"2025-11-21T13:04:16+00:00","breadcrumb":{"@id":"https://waldorfkita.de/kinderhaus/eltern-kind-gruppe/#breadcrumb"},"inLanguage":"de","potentialAction":[{"@type":"ReadAction","target":["https://waldorfkita.de/kinderhaus/eltern-kind-gruppe/"]}]},{"@type":"BreadcrumbList","@id":"https://waldorfkita.de/kinderhaus/eltern-kind-gruppe/#breadcrumb","itemListElement":[{"@type":"ListItem","position":1,"name":"Startseite","item":"https://waldorfkita.de/kinderhaus/"},{"@type":"ListItem","position":2,"name":"Eltern-Kind-Gruppe"}]},{"@type":"WebSite","@id":"https://waldorfkita.de/kinderhaus/#website","url":"https://waldorfkita.de/kinderhaus/","name":"Waldorf-Kinderhaus Bergisch Gladbach","description":"Waldorf-Kindergarten Bergisch Gladbach","potentialAction":[{"@type":"SearchAction","target":{"@type":"EntryPoint","urlTemplate":"https://waldorfkita.de/kinderhaus/?s={search_term_string}"},"query-input":{"@type":"PropertyValueSpecification","valueRequired":true,"valueName":"search_term_string"}}],"inLanguage":"de"}]}</script>
<!-- / Yoast SEO plugin. -->
