{"id":407,"date":"2020-06-13T14:15:15","date_gmt":"2020-06-13T12:15:15","guid":{"rendered":"https:\/\/waldorfkita.de\/kinderhaus\/?page_id=407"},"modified":"2023-07-21T14:48:42","modified_gmt":"2023-07-21T12:48:42","slug":"paedagogisches-konzept","status":"publish","type":"page","link":"https:\/\/waldorfkita.de\/kinderhaus\/paedagogisches-konzept\/","title":{"rendered":"P\u00e4dagogisches Konzept"},"content":{"rendered":"<div class=\"wpb-content-wrapper\"><p>[vc_row][vc_column][vc_column_text]<\/p>\n<h2 style=\"text-align: center;\">Ein-Blick in unser p\u00e4dagogisches Konzept<\/h2>\n<p>[\/vc_column_text][\/vc_column][\/vc_row][vc_row][vc_column][vc_tta_tabs color=&#8220;white&#8220; spacing=&#8220;&#8220; alignment=&#8220;center&#8220; active_section=&#8220;1&#8243;][vc_tta_section title=&#8220;Menschenbild&#8220; tab_id=&#8220;Menschenbild&#8220;][vc_column_text]Die p\u00e4dagogische Arbeit des Waldorfkindergartens gr\u00fcndet sich auf die anthroposophische Menschenkunde Rudolf Steiners, die im Menschen eine Einheit von K\u00f6rper, Seele und Geist sieht. Es ergibt sich aus ihm eine hohe Achtung vor der kindlichen Individualit\u00e4t, die nicht zu etwas hin erzogen werden will, was den Zielvorstellungen der Eltern oder dem wirtschaftlichen Interesse der Gesellschaft entspringt. Erziehung wird eher als eine freilassende Entwicklungsbegleitung verstanden, die in der Begegnung von Mensch zu Mensch stattfindet und geleitet ist von Fragen an das Kind: \u201eWer bist du? Was brauchst du, um deine F\u00e4higkeiten zu entfalten?\u201c[\/vc_column_text][\/vc_tta_section][vc_tta_section title=&#8220;Das Freie Spiel&#8220; tab_id=&#8220;Das-Freie-Spiel&#8220;][vc_column_text]Die Kinder entfalten ihre Anlagen und F\u00e4higkeiten im Spielen. In dem sich st\u00e4ndig weiterentwickelnden sch\u00f6pferischen Spiel dr\u00fcckt sich des Kindes individuell gepr\u00e4gte Veranlagung aus, wie auch sein sehr eigenes Interesse f\u00fcr die Welt. Die P\u00e4dagogen zielen darauf ab, dem Kind diesen \u201eSpielraum\u201c im wahrsten Sinne des Wortes zu erm\u00f6glichen.<br \/>\nWird zun\u00e4chst der eigene K\u00f6rper spielerisch erkundet, so wendet sich das Kind immer mehr der Welt zu, indem es die Dinge der nahen Umgebung ergreift, bewegt und erforscht. Im 3. bis 5. Lebensjahr steht das Fantasie- und Rollenspiel im Mittelpunkt, durch das es seine Erfahrungen in selbstgeschaffenen Spielwelten verarbeitet. Im 6. Lebensjahr k\u00f6nnen die eigenen Vorstellungen schon planm\u00e4\u00dfiger umgesetzt werden und dem Spielfreund durch das st\u00e4ndige begleitende Sprechen erkl\u00e4rt und mit ihm kooperierend verhandelt werden.[\/vc_column_text][vc_gallery type=&#8220;image_grid&#8220; images=&#8220;321,322&#8243;][\/vc_tta_section][vc_tta_section title=&#8220;Die Sinne&#8220; tab_id=&#8220;Sinne&#8220;][vc_column_text]<\/p>\n<h2 style=\"text-align: center;\">&#8230; sind das Tor zur Welt<\/h2>\n<p>[\/vc_column_text][vc_row_inner][vc_column_inner width=&#8220;2\/3&#8243;][vc_column_text]Das Kind tastet sich \u00fcber die sinnlichen Wahrnehmungen in die Welt hinein, die sich dabei immer differenzierter ausbilden. Je j\u00fcnger, desto offener und ungefilterter nimmt es die sinnlichen Eindr\u00fccke seiner Umgebung auf. So sind die R\u00e4ume, die Formen, die Farben im Kindergarten bewusst gestaltet und die Materialien weitgehend naturbelassen. Diese wenig ausgeformten und funktionell festgelegten Spielmaterialien wie T\u00fccher, B\u00e4nder, Kastanien, Wolle bieten den Kindern einerseits ein gro\u00dfes Spektrum an sinnlichen Eindr\u00fccken und Erfahrungen, andererseits regen sie die Fantasie besonders stark an \u2013 kann diese doch jedes Holzst\u00fcck zu einem Auto, einem Handy und gleich danach zu einem B\u00fcgeleisen werden lassen, wenn das Kind es nur innerlich dazu macht.[\/vc_column_text][\/vc_column_inner][vc_column_inner width=&#8220;1\/3&#8243;][vc_single_image image=&#8220;331&#8243; img_size=&#8220;medium&#8220;][\/vc_column_inner][\/vc_row_inner][vc_row_inner][vc_column_inner width=&#8220;2\/3&#8243;][vc_column_text]Hier verwenden die Kinder St\u00fchle und B\u00e4nke, um einen Lieferwagen darzustellen. Bei solchem Spiel werden nicht nur kreative, sondern auch motorische F\u00e4higkeiten entwickelt und bilden eine hohe kognitive Handlungskompetenz aus.[\/vc_column_text][\/vc_column_inner][vc_column_inner width=&#8220;1\/3&#8243;][vc_single_image image=&#8220;332&#8243; img_size=&#8220;medium&#8220;][\/vc_column_inner][\/vc_row_inner][\/vc_tta_section][vc_tta_section title=&#8220;Vorbild &amp; Nachahmung&#8220; tab_id=&#8220;Vorbild-Nachahmung&#8220;][vc_row_inner content_placement=&#8220;middle&#8220; gap=&#8220;35&#8243;][vc_column_inner width=&#8220;2\/3&#8243;][vc_column_text]Wie wirkt der Erwachsene auf das kindliche Spiel? Das Kind sucht von Geburt an das menschliche Gegen\u00fcber und ahmt dessen Blick, Laute, Bewegungen und Gesten intensiv nach. Dies geschieht ganz unvoreingenommen. Durch diese Kommunikation und eine verl\u00e4ssliche F\u00fcrsorge entwickelt sich die notwendige Bindung an eine erste Bezugsperson. Aber auch weiterhin wird der Erwachsene zum Vorbild f\u00fcr die Orientierung in der Welt gew\u00e4hlt, woraus eine gro\u00dfe Verantwortung f\u00fcr die Menschen in der Umgebung des Kindes entsteht.[\/vc_column_text][\/vc_column_inner][vc_column_inner width=&#8220;1\/3&#8243;][vc_single_image image=&#8220;335&#8243; img_size=&#8220;medium&#8220;][\/vc_column_inner][\/vc_row_inner][vc_row_inner content_placement=&#8220;middle&#8220; gap=&#8220;35&#8243;][vc_column_inner width=&#8220;1\/3&#8243;][vc_single_image image=&#8220;336&#8243; img_size=&#8220;medium&#8220;][\/vc_column_inner][vc_column_inner width=&#8220;2\/3&#8243;][vc_column_text]Die Erwachsenen im Kindergarten gestalten den Alltag der Kinder wie einen gro\u00dfen Haushalt. Sie leben darin als vorbildlich T\u00e4tige, indem gemeinsam gekocht und gegessen, gewaschen und geputzt, gepflegt und repariert wird; auch handwerkliches Herstellen und k\u00fcnstlerisches Schaffen geh\u00f6ren zum allt\u00e4glichen Leben.[\/vc_column_text][\/vc_column_inner][\/vc_row_inner][vc_row_inner content_placement=&#8220;middle&#8220; gap=&#8220;35&#8243;][vc_column_inner width=&#8220;2\/3&#8243;][vc_column_text]Bei all diesen T\u00e4tigkeiten soll ihre Sinnhaftigkeit ganz offensichtlich erlebbar sein. Wenn z.B. f\u00fcr die Fr\u00fchst\u00fccksbr\u00f6tchen das Korn gemahlen wird, der Teig geknetet, geformt und dann gebacken wird, erschlie\u00dft sich die Logik direkt aus dem beobachteten oder mitvollzogenen Tun, ohne dass es gro\u00dfer Erkl\u00e4rungen bedarf. Wenn diese Arbeiten zudem \u00a0mit Freude und Aufmerksamkeit durchgef\u00fchrt werden, so ist dies eine besondere Einladung an das Kind diesen Prozess mit allen Sinnen mitzuerleben. Je nach Alter und Pers\u00f6nlichkeit arbeiten dann manche Kinder \u201eecht\u201c mit \u2013 entsprechend ihrer Fertigkeiten \u2013 , andere gesellen sich nur dazu und genie\u00dfen es, den Teig in den H\u00e4nden zu f\u00fchlen; wieder andere f\u00fchlen sich in der N\u00e4he des arbeitenden Erwachsenen einfach geborgen und manche Kinder regt diese schaffende Atmosph\u00e4re an, Gesehenes im Spiel ganz individuell neu zu schaffen.[\/vc_column_text][\/vc_column_inner][vc_column_inner width=&#8220;1\/3&#8243;][vc_single_image image=&#8220;334&#8243; img_size=&#8220;medium&#8220;][\/vc_column_inner][\/vc_row_inner][\/vc_tta_section][vc_tta_section title=&#8220;Rhythmus tr\u00e4gt&#8220; tab_id=&#8220;Rhythmus&#8220;][vc_row_inner][vc_column_inner width=&#8220;2\/3&#8243;][vc_column_text]Rhythmus ist ein Merkmal alles Lebendigen. Zwischen zwei Polen pendelt das nat\u00fcrliche Leben von einem Extrem zum anderen. Auch das menschliche Leben muss immer wieder seinen Ausgleich, seine Mitte finden. Einen Rhythmus zu haben, erleichtert dies und spart Kraft. Das rhythmisch Wiederkehrende wird insbesondere von Kindern als Sicherheit verleihend empfunden. Wiederholungen werden zu einer Zeitgestalt, die den Kindern Verl\u00e4sslichkeit und Vertrauen bietet, so dass sie in diesem Rahmen frei und unbeschwert ihrem Spiel nachgehen k\u00f6nnen.<\/p>\n<p>Im Laufe des Tages wechseln sich Zeiten des Spiels, der Aktivit\u00e4t, des kreativen Chaos ab mit denen des Lauschens, der geordneten Spielkreise und der Ruhe.[\/vc_column_text][vc_btn title=&#8220;Tageslauf ansehen&#8220; style=&#8220;custom&#8220; custom_background=&#8220;#944008&#8243; custom_text=&#8220;#ffffff&#8220; size=&#8220;lg&#8220; align=&#8220;left&#8220; i_icon_fontawesome=&#8220;fas fa-spinner&#8220; add_icon=&#8220;true&#8220; link=&#8220;url:https%3A%2F%2Fwaldorfkita.de%2Fkinderhaus%2Ftageslauf%2F|||&#8220; css=&#8220;.vc_custom_1592050451733{margin-left: 20px !important;}&#8220;][\/vc_column_inner][vc_column_inner width=&#8220;1\/3&#8243;][vc_gallery type=&#8220;image_grid&#8220; images=&#8220;330,329&#8243;][\/vc_column_inner][\/vc_row_inner][vc_row_inner content_placement=&#8220;middle&#8220;][vc_column_inner width=&#8220;1\/3&#8243;][vc_single_image image=&#8220;191&#8243; img_size=&#8220;medium&#8220; onclick=&#8220;link_image&#8220;][\/vc_column_inner][vc_column_inner width=&#8220;2\/3&#8243;][vc_column_text]<\/p>\n<h4>Wochenlauf<\/h4>\n<p>Der Wochenrhythmus wird den Kindern z.B. durch den immer wiederkehrenden Ablauf bestimmter T\u00e4tigkeiten an festen Wochentagen erlebbar gemacht. So gibt es z.B. den Backtag, den Eurythmietag, den Waldtag, den Maltag etc. Dabei haben die Gruppen auch ihre eigenen Gestaltungsspielr\u00e4ume. An jedem Wochentag gibt es zudem ein anderes Fr\u00fchst\u00fcck, was den Kindern eine Orientierung durch das sinnliche Erleben erm\u00f6glicht. Am Freitag z.B. wei\u00df jedes Kind: \u201eHeute ist M\u00fcslitag!\u201c und dazu wird der Fencheltee gereicht.[\/vc_column_text][\/vc_column_inner][\/vc_row_inner][vc_row_inner][vc_column_inner width=&#8220;2\/3&#8243;][vc_column_text]<\/p>\n<h4>Jahreslauf<\/h4>\n<p>Das Jahr erf\u00e4hrt durch das Miterleben der Jahreszeiten einen sinnvollen und ruhigen Verlauf. Der Alltag wird unterbrochen durch das Feiern von Jahresfesten und gliedert es so noch einmal in sinnvoller Weise. Auf diese frohen H\u00f6hepunkte darf man sich jedes Jahr wieder freuen.[\/vc_column_text][vc_btn title=&#8220;Unsere Jahresfeste im \u00dcberblick&#8220; style=&#8220;custom&#8220; custom_background=&#8220;#944008&#8243; custom_text=&#8220;#ffffff&#8220; size=&#8220;lg&#8220; i_icon_fontawesome=&#8220;far fa-calendar-alt&#8220; add_icon=&#8220;true&#8220; link=&#8220;url:https%3A%2F%2Fwaldorfkita.de%2Fkinderhaus%2Ffeste%2F|||&#8220; css=&#8220;.vc_custom_1592041117442{margin-left: 20px !important;}&#8220;][\/vc_column_inner][vc_column_inner width=&#8220;1\/3&#8243;][vc_single_image image=&#8220;189&#8243; img_size=&#8220;medium&#8220; onclick=&#8220;link_image&#8220;][\/vc_column_inner][\/vc_row_inner][\/vc_tta_section][\/vc_tta_tabs][\/vc_column][\/vc_row]<\/p>\n<\/div>","protected":false},"excerpt":{"rendered":"<p>[vc_row][vc_column][vc_column_text] Ein-Blick in unser p\u00e4dagogisches Konzept [\/vc_column_text][\/vc_column][\/vc_row][vc_row][vc_column][vc_tta_tabs color=&#8220;white&#8220; spacing=&#8220;&#8220; alignment=&#8220;center&#8220; active_section=&#8220;1&#8243;][vc_tta_section title=&#8220;Menschenbild&#8220; tab_id=&#8220;Menschenbild&#8220;][vc_column_text]Die p\u00e4dagogische Arbeit des Waldorfkindergartens gr\u00fcndet sich auf die anthroposophische Menschenkunde Rudolf Steiners, die<span class=\"excerpt-hellip\"> [\u2026]<\/span><\/p>\n","protected":false},"author":2,"featured_media":0,"parent":0,"menu_order":0,"comment_status":"closed","ping_status":"closed","template":"","meta":{"footnotes":""},"class_list":["post-407","page","type-page","status-publish","hentry"],"yoast_head":"<!-- This site is optimized with the Yoast SEO plugin v24.7 - https:\/\/yoast.com\/wordpress\/plugins\/seo\/ -->\n<title>P\u00e4dagogisches Konzept | Waldorf-Kinderhaus Bergisch Gladbach<\/title>\n<meta name=\"robots\" content=\"index, follow, max-snippet:-1, max-image-preview:large, max-video-preview:-1\" \/>\n<link rel=\"canonical\" href=\"https:\/\/waldorfkita.de\/kinderhaus\/paedagogisches-konzept\/\" \/>\n<meta property=\"og:locale\" content=\"de_DE\" \/>\n<meta property=\"og:type\" content=\"article\" \/>\n<meta property=\"og:title\" content=\"P\u00e4dagogisches Konzept | Waldorf-Kinderhaus Bergisch Gladbach\" \/>\n<meta property=\"og:description\" content=\"[vc_row][vc_column][vc_column_text] Ein-Blick in unser p\u00e4dagogisches Konzept [\/vc_column_text][\/vc_column][\/vc_row][vc_row][vc_column][vc_tta_tabs color=&#8220;white&#8220; spacing=&#8220;&#8220; alignment=&#8220;center&#8220; active_section=&#8220;1&#8243;][vc_tta_section title=&#8220;Menschenbild&#8220; tab_id=&#8220;Menschenbild&#8220;][vc_column_text]Die p\u00e4dagogische Arbeit des Waldorfkindergartens gr\u00fcndet sich auf die anthroposophische Menschenkunde Rudolf Steiners, die [\u2026]\" \/>\n<meta property=\"og:url\" content=\"https:\/\/waldorfkita.de\/kinderhaus\/paedagogisches-konzept\/\" \/>\n<meta property=\"og:site_name\" content=\"Waldorf-Kinderhaus Bergisch Gladbach\" \/>\n<meta property=\"article:modified_time\" content=\"2023-07-21T12:48:42+00:00\" \/>\n<meta name=\"twitter:card\" content=\"summary_large_image\" \/>\n<meta name=\"twitter:label1\" content=\"Gesch\u00e4tzte Lesezeit\" \/>\n\t<meta name=\"twitter:data1\" content=\"7\u00a0Minuten\" \/>\n<script type=\"application\/ld+json\" class=\"yoast-schema-graph\">{\"@context\":\"https:\/\/schema.org\",\"@graph\":[{\"@type\":\"WebPage\",\"@id\":\"https:\/\/waldorfkita.de\/kinderhaus\/paedagogisches-konzept\/\",\"url\":\"https:\/\/waldorfkita.de\/kinderhaus\/paedagogisches-konzept\/\",\"name\":\"P\u00e4dagogisches Konzept | Waldorf-Kinderhaus Bergisch Gladbach\",\"isPartOf\":{\"@id\":\"https:\/\/waldorfkita.de\/kinderhaus\/#website\"},\"datePublished\":\"2020-06-13T12:15:15+00:00\",\"dateModified\":\"2023-07-21T12:48:42+00:00\",\"breadcrumb\":{\"@id\":\"https:\/\/waldorfkita.de\/kinderhaus\/paedagogisches-konzept\/#breadcrumb\"},\"inLanguage\":\"de\",\"potentialAction\":[{\"@type\":\"ReadAction\",\"target\":[\"https:\/\/waldorfkita.de\/kinderhaus\/paedagogisches-konzept\/\"]}]},{\"@type\":\"BreadcrumbList\",\"@id\":\"https:\/\/waldorfkita.de\/kinderhaus\/paedagogisches-konzept\/#breadcrumb\",\"itemListElement\":[{\"@type\":\"ListItem\",\"position\":1,\"name\":\"Startseite\",\"item\":\"https:\/\/waldorfkita.de\/kinderhaus\/\"},{\"@type\":\"ListItem\",\"position\":2,\"name\":\"P\u00e4dagogisches Konzept\"}]},{\"@type\":\"WebSite\",\"@id\":\"https:\/\/waldorfkita.de\/kinderhaus\/#website\",\"url\":\"https:\/\/waldorfkita.de\/kinderhaus\/\",\"name\":\"Waldorf-Kinderhaus Bergisch Gladbach\",\"description\":\"Waldorf-Kindergarten Bergisch Gladbach\",\"potentialAction\":[{\"@type\":\"SearchAction\",\"target\":{\"@type\":\"EntryPoint\",\"urlTemplate\":\"https:\/\/waldorfkita.de\/kinderhaus\/?s={search_term_string}\"},\"query-input\":{\"@type\":\"PropertyValueSpecification\",\"valueRequired\":true,\"valueName\":\"search_term_string\"}}],\"inLanguage\":\"de\"}]}<\/script>\n<!-- \/ Yoast SEO plugin. -->","yoast_head_json":{"title":"P\u00e4dagogisches Konzept | Waldorf-Kinderhaus Bergisch Gladbach","robots":{"index":"index","follow":"follow","max-snippet":"max-snippet:-1","max-image-preview":"max-image-preview:large","max-video-preview":"max-video-preview:-1"},"canonical":"https:\/\/waldorfkita.de\/kinderhaus\/paedagogisches-konzept\/","og_locale":"de_DE","og_type":"article","og_title":"P\u00e4dagogisches Konzept | Waldorf-Kinderhaus Bergisch Gladbach","og_description":"[vc_row][vc_column][vc_column_text] Ein-Blick in unser p\u00e4dagogisches Konzept [\/vc_column_text][\/vc_column][\/vc_row][vc_row][vc_column][vc_tta_tabs color=&#8220;white&#8220; spacing=&#8220;&#8220; alignment=&#8220;center&#8220; active_section=&#8220;1&#8243;][vc_tta_section title=&#8220;Menschenbild&#8220; tab_id=&#8220;Menschenbild&#8220;][vc_column_text]Die p\u00e4dagogische Arbeit des Waldorfkindergartens gr\u00fcndet sich auf die anthroposophische Menschenkunde Rudolf Steiners, die [\u2026]","og_url":"https:\/\/waldorfkita.de\/kinderhaus\/paedagogisches-konzept\/","og_site_name":"Waldorf-Kinderhaus Bergisch Gladbach","article_modified_time":"2023-07-21T12:48:42+00:00","twitter_card":"summary_large_image","twitter_misc":{"Gesch\u00e4tzte Lesezeit":"7\u00a0Minuten"},"schema":{"@context":"https:\/\/schema.org","@graph":[{"@type":"WebPage","@id":"https:\/\/waldorfkita.de\/kinderhaus\/paedagogisches-konzept\/","url":"https:\/\/waldorfkita.de\/kinderhaus\/paedagogisches-konzept\/","name":"P\u00e4dagogisches Konzept | Waldorf-Kinderhaus Bergisch Gladbach","isPartOf":{"@id":"https:\/\/waldorfkita.de\/kinderhaus\/#website"},"datePublished":"2020-06-13T12:15:15+00:00","dateModified":"2023-07-21T12:48:42+00:00","breadcrumb":{"@id":"https:\/\/waldorfkita.de\/kinderhaus\/paedagogisches-konzept\/#breadcrumb"},"inLanguage":"de","potentialAction":[{"@type":"ReadAction","target":["https:\/\/waldorfkita.de\/kinderhaus\/paedagogisches-konzept\/"]}]},{"@type":"BreadcrumbList","@id":"https:\/\/waldorfkita.de\/kinderhaus\/paedagogisches-konzept\/#breadcrumb","itemListElement":[{"@type":"ListItem","position":1,"name":"Startseite","item":"https:\/\/waldorfkita.de\/kinderhaus\/"},{"@type":"ListItem","position":2,"name":"P\u00e4dagogisches Konzept"}]},{"@type":"WebSite","@id":"https:\/\/waldorfkita.de\/kinderhaus\/#website","url":"https:\/\/waldorfkita.de\/kinderhaus\/","name":"Waldorf-Kinderhaus Bergisch Gladbach","description":"Waldorf-Kindergarten Bergisch Gladbach","potentialAction":[{"@type":"SearchAction","target":{"@type":"EntryPoint","urlTemplate":"https:\/\/waldorfkita.de\/kinderhaus\/?s={search_term_string}"},"query-input":{"@type":"PropertyValueSpecification","valueRequired":true,"valueName":"search_term_string"}}],"inLanguage":"de"}]}},"_links":{"self":[{"href":"https:\/\/waldorfkita.de\/kinderhaus\/wp-json\/wp\/v2\/pages\/407","targetHints":{"allow":["GET"]}}],"collection":[{"href":"https:\/\/waldorfkita.de\/kinderhaus\/wp-json\/wp\/v2\/pages"}],"about":[{"href":"https:\/\/waldorfkita.de\/kinderhaus\/wp-json\/wp\/v2\/types\/page"}],"author":[{"embeddable":true,"href":"https:\/\/waldorfkita.de\/kinderhaus\/wp-json\/wp\/v2\/users\/2"}],"replies":[{"embeddable":true,"href":"https:\/\/waldorfkita.de\/kinderhaus\/wp-json\/wp\/v2\/comments?post=407"}],"version-history":[{"count":28,"href":"https:\/\/waldorfkita.de\/kinderhaus\/wp-json\/wp\/v2\/pages\/407\/revisions"}],"predecessor-version":[{"id":628,"href":"https:\/\/waldorfkita.de\/kinderhaus\/wp-json\/wp\/v2\/pages\/407\/revisions\/628"}],"wp:attachment":[{"href":"https:\/\/waldorfkita.de\/kinderhaus\/wp-json\/wp\/v2\/media?parent=407"}],"curies":[{"name":"wp","href":"https:\/\/api.w.org\/{rel}","templated":true}]}}